 j = 9 + -7. Suppose 7*u - 4*u = -9. What are the prime factors of 10 - ((j - 1) + u)?
2, 3
Suppose 0 = l - 2, f = -0*f - l + 70. What are the prime factors of f?
2, 17
Let q(p) = -p**3 - 10*p**2 + p + 10. Let x be q(-10). Suppose 2*m + 62 = 4*l, -3*m = -x*l + 4*l - 37. What are the prime factors of l?
13
Suppose 2*z - 4*t = 6, 2*z - 3*t + 4 = -t. Suppose 45 = 4*o - o. Let m = z + o. List the prime factors of m.
2
Let s(y) = 3*y + 5. List the prime factors of s(5).
2, 5
Suppose z = 4*x + 16, -z - 5*x - 35 = -3*z. Suppose -5*l - 2*k = -66 - z, -4*l + 2*k + 58 = 0. Let h = 24 - l. What are the prime factors of h?
2
Suppose -3*b + 16 = n, 2*n + 8 = 2*b - 0*b. Suppose 40 = b*u - 3*u + 5*s, 2*u - 58 = 4*s. List the prime factors of u.
5
Let z(r) = -r**2 + 9. Let a(v) = -v - 7. Let u be a(-7). List the prime factors of z(u).
3
Suppose 2*p - 4 + 0 = 0. Suppose -4*i = -p - 6. Suppose -i*t + 20 = 3*t. List the prime factors of t.
2
Let n(z) = -2*z. Let c be n(1). Let q(b) = 2*b**2 + 2*b. What are the prime factors of q(c)?
2
Suppose -3*s = -3*x + x - 9, 0 = 3*x - s - 4. Let r(l) = l**2 - 3*l + 2. Let g be r(x). Suppose g = -4*b + 18. What are the prime factors of b?
2
Suppose 4*k = -3*h - 0*k + 84, -108 = -4*h - 4*k. Suppose 6*z = 8*z - h. List the prime factors of z.
2, 3
Let w be 40/6 + 2/(-3). Let s = 4 - w. What are the prime factors of (2/3)/(s/(-27))?
3
Let n = 9 - 15. What are the prime factors of n/10 - 504/(-15)?
3, 11
Suppose 5*v - 89 = -29. What are the prime factors of v?
2, 3
Suppose 19 = z + 6. Suppose 2*m - 18 = -4*m. Let s = m + z. What are the prime factors of s?
2
Let q = 3 - 11. Let w be q*-1*(-2)/(-4). Let c = w + -1. What are the prime factors of c?
3
Let l(n) = -n**3 - 4*n**2 + 2. Let r(f) = 2*f + 1. Let i be r(1). Suppose 0 = -2*d + 3*x - 8, d = 2*d - i*x + 4. What are the prime factors of l(d)?
2
Let y(q) = q - 8. Let s be y(6). Let o = s + 5. Let j = 7 - o. List the prime factors of j.
2
What are the prime factors of (-8)/44 + (-598)/(-22)?
3
Suppose 4*i - 3*i = 14. Suppose i + 4 = v. List the prime factors of v.
2, 3
Let k(u) = -u**3 - 4*u**2 - 2*u + 2. Let w be k(-2). Let a(n) = 4*n - 2. Let s(q) = 8*q - 4. Let j(c) = -5*a(c) + 2*s(c). What are the prime factors of j(w)?
2, 5
Let w = 32 + -70. Let q = w - -54. What are the prime factors of q?
2
Let p(i) = 10*i + 8. Let m be p(6). Suppose -h = 4*f - m, h - 17 = -f - h. Suppose 2*j - j = -3*x + f, 0 = -4*j - 2*x + 28. List the prime factors of j.
5
Let x = 19 - -18. What are the prime factors of x?
37
Let w be 6*3/(-6) + 3. Suppose 55 = 5*k - w*k. List the prime factors of k.
11
Let r = -10 + 8. Let v(i) = 19*i**2 + 3*i. Let q be v(r). Suppose -5*m = -0*m - q. What are the prime factors of m?
2, 7
Suppose -3*b = -4*b. Suppose b = -3*x - 3 - 12. List the prime factors of 10/3 - x/(-15).
3
Suppose 2*c = -3*x + 35 - 4, 4*x - 30 = 3*c. List the prime factors of x.
3
Suppose -77 = -4*v - 3*v. Let n be 0 + -2 + 2 + 30. Let r = n - v. List the prime factors of r.
19
Suppose a - 2 = -0*a. Suppose 4*p - 92 = 4*w, 3*p = -w - p + a. Let l = w - -30. What are the prime factors of l?
2, 3
Suppose 4*o = -3*b - 139, 2*o - 2*b = 3*b - 63. List the prime factors of (o/(-8))/(4/16).
17
Let q(c) = -9*c**3 + 11*c**2 + 39*c + 24. Let r(j) = 5*j**3 - 5*j**2 - 20*j - 12. Let d(v) = -6*q(v) - 11*r(v). List the prime factors of d(-10).
2, 7
Let t be -15*(-1)/(3/7). Let f = t - -3. What are the prime factors of f?
2, 19
What are the prime factors of 2*(-1*4 + 1035/10)?
199
Suppose 5*c - 23 = 6*f - 2*f, 2*f = -4*c + 8. Let i be (10/c)/((-8)/(-12)). Suppose 0 = m + i - 20. List the prime factors of m.
3, 5
Let n(r) = r**2 + 6*r + 2. Let q be n(-4). List the prime factors of 303/33 - q/(-33).
3
Suppose 9 = -6*y + 33. List the prime factors of (22/y)/((-6)/(-24)).
2, 11
Let n(v) = -2*v**3 + 2*v**2 + 2*v + 1. What are the prime factors of n(-3)?
67
Suppose -3*c - 4*j + 41 = 0, c = 4*j - 5*j + 13. What are the prime factors of c?
11
What are the prime factors of 8/24 - (-100)/6?
17
Suppose -3*h = -2*f - f - 27, 0 = -4*f + 4. List the prime factors of 5/(h/4)*4.
2
Let o = 4 - 11. List the prime factors of o*(-3 - (2 + -4)).
7
Let h = -78 - -114. List the prime factors of h.
2, 3
Let l be 7 - 3/((-6)/2). Suppose 2*p = -4*k - 2, -3*p - 19 = 2*k - l. What are the prime factors of 51/7 + k/(-7)?
7
Let q(d) be the third derivative of d**5/60 + d**4/24 - 2*d**3/3 + d**2. Let f be q(-3). Suppose -5*k + 27 = -f*k. List the prime factors of k.
3
Suppose 4*n + 8 = 4*a, n + 0 + 2 = -5*a. What are the prime factors of (-1 + n)/(1 + -2)?
3
Let h = 10 - 11. Let k(q) = -3*q - 1. Let l be k(h). Suppose -a = -5 + l. List the prime factors of a.
3
Let m = -1 - -3. Suppose -c + m*c - 3 = 0. Suppose 76 = -c*z + 7*z. What are the prime factors of z?
19
Suppose t + 4*t - 20 = 0. What are the prime factors of t?
2
Let a(m) = -m**2 + 10*m + 5. Let s(z) = 2*z**2 - 10*z - 6. Let v(g) = -3*a(g) - 2*s(g). What are the prime factors of v(-4)?
3, 7
Let r(i) = i - 7. Let m be r(9). Suppose 0 = -m*w + j + 8, w + j + j = 14. What are the prime factors of w?
2, 3
Let v = 2 + 0. Suppose v*r - r = 0. Suppose -2*o + 2*d + 26 = r, -14 = -2*o - 6*d + 2*d. List the prime factors of o.
11
Let m = 9 + 0. Suppose -m = -h + 8. What are the prime factors of h?
17
Let r = -9 + 3. What are the prime factors of 33*(-5)/(45/r)?
2, 11
Let h be 26/(-4) - (-2)/(-4). Let i be 1*((0 - -1) + 1). Let z = i - h. What are the prime factors of z?
3
Let z(k) = -k**2 - 3*k + 4. Let a be z(-6). Let b = a - -36. Suppose -q + b = q. List the prime factors of q.
11
Let u(n) = 2*n**3 + 3*n**2 - 5*n - 4. Let h be u(-3). Let a = -11 - h. Let r = 1 + a. What are the prime factors of r?
2, 3
Let w(r) = 3*r**2 - 14*r + 4. List the prime factors of w(9).
11
What are the prime factors of 1/(-1) + -78*21/(-6)?
2, 17
Suppose 6*w = w + 20. Let u be (-9 - -3)*w/6. List the prime factors of ((-9)/6)/(2/u).
3
Let a be -4*(-4)/((-64)/108). What are the prime factors of (-218)/(-9) + 6/a?
2, 3
Let a(k) = k**3 - 13*k**2 + k - 9. Let n be a(13). Suppose -n*i + 206 = 5*q, 3*q + i = 2*i + 110. What are the prime factors of q?
2, 19
Let y(u) = 18*u. Let z be y(2). List the prime factors of (-33)/11 - z/(-2).
3, 5
Let z = -8 - -53. Let m = -25 + z. What are the prime factors of 8/5 + 8/m?
2
Let a = -7 - -5. Let d(c) = c**3 + c**2 + 2*c + 3. Let k be d(a). List the prime factors of 2 + k - -2 - -9.
2
Let t be 2/(-1) - 0 - 3. Let v be 1 - 2 - (-3 + t). Let m(k) = k + 4. What are the prime factors of m(v)?
11
Let z(w) = w - 3. Let k be z(0). Let q(n) = -8*n - 2 - 1 + 4*n + 2. What are the prime factors of q(k)?
11
List the prime factors of 26*1 - 3/(-9)*3.
3
Let y(h) = 3*h**2 - 2*h - 1. Let i be y(-1). Let v be i + -3 - 6 - 3. Let t = v + 18. List the prime factors of t.
2, 5
Let u(w) be the third derivative of w**5/30 + w**4/24 - w**3/2 + w**2. List the prime factors of u(3).
2, 3
Let r = 18 - 13. Suppose -2*g - s = -11, g + 2 = 2*s - r. What are the prime factors of g + 0 - 0/1?
3
Let g(l) = l**3 + 8*l**2 + 4*l - 6. List the prime factors of g(-7).
3, 5
Let w be 6*-2*2/(-12). Let h = 7 - -30. Suppose -f = -w*n + 4*n - 19, 4*f - 5*n = h. What are the prime factors of f?
13
Let t(a) = 3*a**2 - 4*a + 4. List the prime factors of t(3).
19
Let l = 1 + 128. List the prime factors of l.
3, 43
Let i = 5 + -5. Suppose 3*v - 5 = 5*w - 3, i = 4*v + w - 18. What are the prime factors of v?
2
Let l be (-23)/(-3) - 2/(-6). Suppose -6*d + l = -4*d. Let p = 9 - d. What are the prime factors of p?
5
Suppose -2*p + 14 - 92 = 0. Let q = 79 + p. Let h = q - 24. List the prime factors of h.
2
Let v(j) = -j**3 - 7*j**2 + 5*j + 8. Let p(f) = -f**3 - 7*f**2 + 5*f + 9. Let m(y) = -5*p(y) + 6*v(y). List the prime factors of m(-8).
3
Let o(d) = 13*d + 2. Let q be o(4). Suppose -5*f = -q + 4. Suppose 0 = -u + a + f, -5 = 4*a + a. What are the prime factors of u?
3
Suppose 15 = 2*v - l - 0*l, 0 = 3*v - l - 23. Let y = v + -3. List the prime factors of y.
5
Let g be 2/(-1 + (-12)/(-4)). List the prime factors of 114/(-1)*g/(-3).
2, 19
Suppose -13*x + 11*x + 100 = 0. What are the prime factors of x?
2, 5
List the prime factors of 3/2*3792/36.
2, 79
Let w be ((-2)/(-1))/(2*-1). What are the prime factors of 1/1 - 8/w?
3
Su